- 2))
1
What is (-1 - (4 + (6 - 13))) + -2?
0
Calculate -3 + 0 + 3 + 1.
1
Evaluate 3 - (8 + 1 + (-4 - 2)).
0
What is -7 - ((-2 - 2) + 1)?
-4
34 + -49 - (-3 + -12)
0
Evaluate 5 + (-6 - -12 - (-1 + 15)).
-3
Calculate -5 + (-1 + 1 + -4 - -12).
3
Calculate 12 + -17 - 2 - -4.
-3
Evaluate -16 + 20 - (-1 + 8).
-3
Evaluate (-5 - 0 - (6 + -9)) + -2.
-4
What is 6 - (9 + -7 + 2 + 1)?
1
What is the value of -2 - (0 + -2) - (9 + -10)?
1
Calculate (0 + 6 - 2) + 16 + -20.
0
Evaluate -1 + 0 - (0 + 2).
-3
What is 1 - -1 - (12 - 5)?
-5
What is 2 - ((0 + -3 - -7) + 3)?
-5
Evaluate 2 + -9 - 5 - -7.
-5
(6 - 1) + 4 + -6 + 0
3
What is the value of 4 + 1 + 2 + (-3 - -1)?
5
What is -1 + 1 - (9 + -2 - 5)?
-2
Evaluate 2 + -1 + 0 + -8 + 2.
-5
Calculate -1 + (2 - 0) - (53 + -45).
-7
What is 11 - ((13 - 12) + 16)?
-6
0 - -8 - 7 - (1 + -6)
6
(-5 - -6) + -2 + -1
-2
Calculate 0 + 1 + -9 + 2.
-6
What is the value of (0 - -2) + (2 - (2 - 2))?
4
Calculate -2 + (-9 - -9) + 5.
3
Evaluate -13 + 5 + -5 + 3.
-10
Evaluate (-11 + -8 - -12) + 2.
-5
Calculate 8 + -5 + -12 + 0.
-9
-1 - (7 + -14 - -12)
-6
Calculate 0 - 0 - (10 + -5).
-5
6 + (-1 + -3 - -1)
3
-11 + 7 + (4 - -1) + -2
-1
Evaluate 1 + 5 + -6 + 5.
5
What is the value of 3 + (-5 - 0 - (34 - 37))?
1
6 - (11 - (-3 + 9))
1
4 - (1 + 10 - 2)
-5
-6 + (11 + -5 - 8) + 2
-6
What is (-4 - (8 + -5)) + 4?
-3
Calculate -5 - (-4 + (-3 - -1)).
1
What is the value of 1 + -3 + (3 - (0 + -1))?
2
-20 - -21 - (2 + -6)
5
What is the value of 4 - (-7 + 9) - -3?
5
Calculate 4 - (-1 + (-2 - -2) - -5).
0
What is the value of 4 - ((-12 - -10) + (-1 - -8))?
-1
What is -1 + (2 - (-3 - -4 - -1))?
-1
What is the value of -4 + 0 + 4 + -3 + 1?
-2
Evaluate 20 - (-7 - -19) - 2.
6
Evaluate (-5 - 7) + -5 + 8.
-9
Evaluate -1 - (-3 - (1 - 1)).
2
Calculate (3 - (1 + 0)) + 1 + 0.
3
What is the value of -7 + (7 - (-1 - -3)) - 5?
-7
What is the value of (0 - 7) + 52 + -50?
-5
What is the value of 3 + (7 - 4) - 4?
2
Calculate (-10 - -9) + (1 - 1).
-1
What is -10 - -35 - 11 - 22?
-8
What is the value of 3 + -5 + 0 + 3 + 0?
1
What is -3 + 7 + -8 + 7?
3
What is the value of -3 + (0 - (-6 - -8)) + 6?
1
What is 0 + 13 + -14 + 1 + 1?
1
What is (3 - (2 - -1)) + 0?
0
5 - (4 - 3 - 1)
5
What is (5 - 10) + 1 + 3?
-1
-2 - (-3 - (-4 + 6))
3
What is the value of -5 + 2 + 1 + -1?
-3
Evaluate (3 - (1 - -4)) + -3.
-5
6 - (-2 + 2 + 2)
4
Evaluate -5 - (-2 + -5 - -3).
-1
Evaluate (-2 - (1 - (2 + -3))) + 1.
-3
Evaluate (3 - (-3 + 3)) + 2 + 0.
5
Calculate -6 - (-4 - (-4 + 3)).
-3
-51 + 49 + 0 + -1
-3
What is 8 - 4 - 2 - -2?
4
Evaluate -1 + 4 + -6 + 6.
3
What is the value of -10 - (11 - 2 - 19)?
0
What is -1 + 11 + -14 + -2 + 1?
-5
Calculate -6 - (-3 + (2 + -4 - -1)).
-2
What is (7 - 8) + (0 + -6 - -4)?
-3
Calculate (5 - 6) + 2 + -3.
-2
What is the value of 1 - (-5 + -2 + 10)?
-2
Evaluate -12 - (7 + -4 - (10 + -1)).
-6
Evaluate -6 - (1 + -2 - -5 - -1).
-11
17 + -11 - (3 - -8)
-5
Evaluate 8 + -3 + (-6 - -17) + -8.
8
What is the value of -3 - (-5 - (1 + 0 - 4))?
-1
What is -10 - (9 - 10 - 8)?
-1
What is (5 + -10 - -10) + -2 + -7?
-4
Evaluate (52 - 57) + 10 + -1.
4
What is 3 + 5 - (-6 - (-28 + 9))?
-5
(4 - -1 - 1) + -9
-5
-1 - (-11 + 4 - 0)
6
What is -3 - 0 - ((3 - 6) + 0)?
0
-2 - ((-4 - -11) + -5)
-4
Calculate -1 + -5 - (12 + -15).
-3
What is the value of (15 - 0) + -23 - -13?
5
Evaluate 1 + -7 + -46 + 48.
-4
What is the value of -1 - (-5 + 6 - (-1 + 5))?
2
Calculate 5 + -22 - (-1 + -10).
-6
(1 - -7) + (-32 - -24)
0
What is the value of -6 + 8 - 3 - -2?
1
-1 - (3 + -2) - -4
2
Calculate (-1 + 1 - 6) + (-39 - -41).
-4
What is 2 + 1 - (-1 - (0 + -3))?
1
-3 - 2 - (-4 - 2)
1
Evaluate -3 + -6 + 3 + 8.
2
Evaluate -3 + 3 + -2 + 1 + -1.
-2
What is the value of (5 - -2) + (-4 - 1)?
2
Evaluate 15 + -14 - (2 - -1).
-2
What is the value of -3 + 10 - 2 - (9 + -2)?
-2
Evaluate 12 + -7 + (-1 - 1) + -8.
-5
4 + 20 + -10 + -7
7
Evaluate 4 - (5 - (1 - 1)).
-1
-2 + (4 - 8 - -9)
3
-2 - (-1 + 4 - (52 - 45))
2
What is (1 - 6) + (-4 - (-2 + -3))?
-4
(-16 - -16) + (4 - 0)
4
(-1 - 2) + 5 + -12 + 7
-3
-11 - -8 - (2 + (3 - 4))
-4
-5 + (5 + -3 - 6) + 3
-6
-90 - -77 - (0 - 14)
1
3 - 5 - 0 - (0 - 1)
-1
What is -2 + -1 + (8 - 10)?
-5
5 + -1 - (-3 + (3 - -3))
1
(6 - 11) + (-1 - -1)
-5
What is 2 + 3 + -2 - (-4 + 2)?
5
(-3 - -1) + 0 + 5
3
Evaluate -8 - -6 - (0 - -3).
-5
Evaluate -6 + 4 - ((0 - 0) + 1).
-3
-4 - (2 + -2) - -7
3
What is the value of 2 + -1 + -2 - (1 - 6)?
4
What is 3 - ((2 - 4) + 3)?
2
Evaluate 0 - ((-3 - 4) + 6).
1
Evaluate -2 + -2 + 0 - (-9 + 1).
4
What is -12 - (-9 + -4 - 0)?
1
What is the value of (10 - 5 - -4) + -6?
3
What is (0 + -1 - -2) + 0 + -1?
0
What is the value of -19 + 22 - (1 + -4 + 1)?
5
Calculate -9 - -2 - (-56 - -46).
3
Calculate 0 + (1 - 8) + 1 + 2.
-4
What is -5 + (4 + -2 - (-1 + -1))?
-1
Calculate -2 - 2 - (-104 - -100).
0
What is -5 + (11 - 3 - -2)?
5
3 - (8 + (3 - 4))
-4
What is the value of -18 - -1 - -9 - -10?
2
7 + (-7 - 1) + 0
-1
1 + (-2 - (-3 - 4 - 0))
6
What is the value of 9 + -2 + 4 + -8?
3
Calculate -1 - 0 - (15 - 14).
-2
Calculate -7 - -11 - 1 - 3.
0
-43 - -33 - (-2 + -8)
0
What is -1 + 8 - ((12 - 2) + 5)?
-8
5 - 2 - (55 + -55)
3
What is the value of -15 - -7 - -8 - -3?
3
What is 0 + (-3 - 1) + 9 - 5?
0
What is the value of (11 - 6) + -23 - -11?
-7
(-6 - -3 - -3) + (-32 - -26)
-6
Evaluate -1 + (5 + -6 - 0) + -4.
-6
-2 - (-1 + (-4 - (-1 + -3)))
-1
-1 - (-2 + (-2 - -2)) - -2
3
What is -7 + -3 + 5 + 2 + -5?
-8
What is (-4 + 1 - -3) + 2?
2
1 + (5 - (5 - 1))
2
What is (3 - 0) + 5 + -2 + -10?
-4
Calculate (-1 + -1 - -2) + 0.
0
Calculate -10 + 4 - -10 - 6.
-2
1 + -5 + 5 + -4
-3
Calculate 1 + 3 + -3 + -2.
-1
What is -2 - (-3 - -8 - 5)?
-2
Evaluate -7 - (1 - (3 + 4)).
-1
Evaluate -3 - (-4 - -3) - (1 - 6).
3
What is -7 - -12 - 10 - (1 - 1)?
-5
-1 + -5 + 16 + (-33 - -14)
-9
Calculate 2 + -1 - ((-6 - -8) + 1).
-2
Evaluate 1 + -1 - 0 - -5 - 3.
2
11 + -4 + -18 + 3
-8
What is (5 + -1 - 3) + (-3 - -1)?
-1
What is the value of -9 + -10 + -8 + 26?
-1
Evaluate -3 + 1 - 2 - (-4 - -2).
-2
Calculate 4 - ((1 - 2 - -4) + -2).
3
9 - (-1 + 0) - (29 - 23)
4
Calculate 4 + -4 + 3 + -5 - -2.
0
What is the value of -15 + -3 + 6 + 3?
-9
What is the value of 1 - ((-7 - -7) + (1 - 0))?
0
Calculate 4 - 4 - -4 - 3 - 1.
0
Calculate 54 + -57 + 11 + -2.
6
10 + 6 + -1 + -11
4
Evaluate -1 - 4 - 2 - (11 + -26).
8
What is the value of 9 + -9 + (1 - 1) + -1?
-1
What is ((1 - 1) + -3 - 4) + 16?
9
(3 - 4) + -5 + 10
4
Calculate -2 - ((2 - 1) + -7 + 0).
4
Calculate -2 + 6 - (-2 + 2 + -1).
5
4 + -3 + -3 - 1 - -5
2
What is -3 - (12 - 16 - (-4 - 0))?
-3
What is the value of -2 + -4 + (7 - 5)?
-4
Evaluate -8 - (0 - (-1 + 5 - 0)).
-4
Evaluate 4 - 9 - (-14 + 17).
-8
Evaluate 3 + -6 + -3 + 4.
-2
What is the value of 11 - 18 - (-2 - 4)?
-1
What is -12 + (-9 + 7 - -6) + 0?
-8
What is the value of 7 - (9 - (3 + -8))?
-7
What is (-3 - -1 - (-1 - -3)) + 2?
-2
Evaluate 1 + (0 - 5) + -15 + 23.
4
Calculate 0 - 1 - (-21 + 21).
-1
Calculate -6 - (0 - 10 - -4).
0
Evaluate 0 + (-6 - -3) - (2 + -4).
-1
What is (-4 + 4 - 3) + 0 + 4?
1
What is -4 + (-2 - (0 - (2 - -1)))?
-3
What is 11 + -5 + 1 - 4?
3
-1 + -2 - (21 + -28)
4
Evaluate 5 + -6 + -4 + 6.
1
What is 6 + (-5 - (-5 + 4 + 1))?
1
What is the value of 11 + (-8 - -5) + -4?
4
Calculate -5 + 8 + -5 - (3 - 6).
1
What is (-196 - -203) + 1 + -1 + -1?
6
Calculate (-3 - -2) + -26 + 22.
-5
-6 + (4 + -2 - 1)
-5
Evaluate -1 + 0 + (3 - 0).
2
0 + -1 + 4 - -2
5
What is -4 - (0 + -5 - -6)?
-5
What is the value of 4 - (8 + -2 + -1)?
-1
What is (10 + -6 - 4) + -1?
-1
Calculate -2 - (1 + -7 + 7).
-3
What is -3 - ((-3 - 0) + 6 + -4)?
-2
What is the value of 3 - (2 + 4 + -3)?
0
-3 - (-1 - 5 - (2 + -2))
3
Evaluate 12 - (10 - 11 - -12).
1
Evaluate 1 + (-2 - 1) + (2 - -5).
5
(-4 - (-2 - 0)) + 3
1
Calculate 6 - (-10 + (0 - -9)).
7
Evaluate (0 - 0 - -3) + (3 - 3).
3
5 + (-4 + 1 - 2) - 2
-2
What is the value of (1 - -1) + (1 - -1)?
4
Calculate (1 - -5) + 14 + -27 + 6.
-1
What is the value of -2 + 4 - 0 - (-38 - -40)?
0
What is the value of 0 + (0 - 5 - -1) + 2?
-2
What is 2 + (1 - 3 - -3) - 8?
-5
What is the value of 2 + (-10 + 4 - -4)?
0
2 + -3 + 10 + -9
0
Calculate 9 + (-8 - -7 - 2).
6
Calculate 0 + 3 + -3 + -1 + 6.
5
4 - (0 + (0 - (-2 - 0)))
2
What is -2 + -3 - -6 - (2 - -4)?
-5
Calculate (-79 - -74) + 0 + 2.
-3
Evalu